{"id":2682,"date":"2025-02-14T16:14:01","date_gmt":"2025-02-14T19:14:01","guid":{"rendered":"https:\/\/pastoral.lasalle.edu.br\/?page_id=2682"},"modified":"2025-02-19T13:34:39","modified_gmt":"2025-02-19T16:34:39","slug":"projeto-de-vida-3","status":"publish","type":"page","link":"https:\/\/pastoral.lasalle.edu.br\/index.php\/projeto-de-vida-3\/","title":{"rendered":"Projeto de Vida"},"content":{"rendered":"<p>[et_pb_section fb_built=&#8221;1&#8243; next_background_color=&#8221;#ffffff&#8221; admin_label=&#8221;Services&#8221; _builder_version=&#8221;4.9.7&#8243; background_color_gradient_direction=&#8221;89deg&#8221; background_image=&#8221;https:\/\/pastoral.lasalle.edu.br\/wp-content\/uploads\/2025\/02\/Fundo-azul.png&#8221; width=&#8221;100%&#8221; max_width=&#8221;100%&#8221; module_alignment=&#8221;center&#8221; min_height=&#8221;100px&#8221; custom_padding=&#8221;22px||0px|||&#8221; bottom_divider_style=&#8221;curve2&#8243;][et_pb_row admin_label=&#8221;About&#8221; _builder_version=&#8221;4.9.7&#8243; background_size=&#8221;initial&#8221; background_position=&#8221;top_left&#8221; background_repeat=&#8221;repeat&#8221; width=&#8221;90%&#8221; max_width=&#8221;1182px&#8221; min_height=&#8221;285.3px&#8221; custom_margin=&#8221;-59px|auto||auto||&#8221; custom_padding=&#8221;||0px|||&#8221; use_custom_width=&#8221;on&#8221; custom_width_px=&#8221;900px&#8221;][et_pb_column type=&#8221;4_4&#8243; _builder_version=&#8221;3.25&#8243; custom_padding=&#8221;|||&#8221; custom_padding__hover=&#8221;|||&#8221;][et_pb_image src=&#8221;https:\/\/pastoral.lasalle.edu.br\/wp-content\/uploads\/2025\/02\/Logo-1.png&#8221; title_text=&#8221;Logo&#8221; align=&#8221;center&#8221; _builder_version=&#8221;4.9.7&#8243; _module_preset=&#8221;default&#8221; transform_scale=&#8221;68%|68%&#8221; width=&#8221;60%&#8221; module_alignment=&#8221;center&#8221; custom_margin=&#8221;-154px||||false|false&#8221;][\/et_pb_image][\/et_pb_column][\/et_pb_row][\/et_pb_section][et_pb_section fb_built=&#8221;1&#8243; admin_label=&#8221;Services&#8221; _builder_version=&#8221;4.9.7&#8243; background_color_gradient_direction=&#8221;89deg&#8221; background_enable_image=&#8221;off&#8221; custom_margin=&#8221;||-89px|||&#8221; custom_padding=&#8221;0px||0px|||&#8221;][et_pb_row use_custom_gutter=&#8221;on&#8221; gutter_width=&#8221;1&#8243; make_equal=&#8221;on&#8221; module_class=&#8221; et_pb_row_fullwidth&#8221; _builder_version=&#8221;4.9.7&#8243; background_size=&#8221;initial&#8221; background_position=&#8221;top_left&#8221; background_repeat=&#8221;repeat&#8221; width=&#8221;100%&#8221; width_tablet=&#8221;100%&#8221; width_phone=&#8221;&#8221; width_last_edited=&#8221;on|desktop&#8221; max_width=&#8221;100%&#8221; max_width_tablet=&#8221;100%&#8221; max_width_phone=&#8221;&#8221; max_width_last_edited=&#8221;on|desktop&#8221; custom_margin=&#8221;0px||0px|&#8221; custom_padding=&#8221;0px|168px|0px|168px||&#8221; make_fullwidth=&#8221;on&#8221;][et_pb_column type=&#8221;4_4&#8243; _builder_version=&#8221;4.9.7&#8243; background_enable_color=&#8221;off&#8221; background_enable_image=&#8221;off&#8221; background_position=&#8221;top_left&#8221; custom_padding=&#8221;||45px||false|false&#8221; custom_padding__hover=&#8221;|||&#8221;][et_pb_text _builder_version=&#8221;4.9.7&#8243; _module_preset=&#8221;default&#8221; text_font=&#8221;Abel||||||||&#8221; text_font_size=&#8221;21px&#8221; text_orientation=&#8221;center&#8221; custom_margin=&#8221;41px||56px||false|false&#8221; custom_margin_tablet=&#8221;&#8221; custom_margin_phone=&#8221;41px|||11px|false|false&#8221; custom_margin_last_edited=&#8221;on|phone&#8221; custom_padding=&#8221;|||0px||&#8221; hover_enabled=&#8221;0&#8243; module_alignment=&#8221;center&#8221; sticky_enabled=&#8221;0&#8243;]<\/p>\n<p style=\"text-align: center;\"><span style=\"color: #2b3e69;\">O <strong>Projeto de Vida da Rede<\/strong> <strong>La Salle<\/strong> \u00e9 um guia para a forma\u00e7\u00e3o humana e integral dos estudantes, auxiliando-os na constru\u00e7\u00e3o de um percurso pessoal e comunit\u00e1rio alinhado aos valores da f\u00e9, fraternidade e servi\u00e7o.<\/span><\/p>\n<p><span style=\"color: #2b3e69;\">Atrav\u00e9s de experi\u00eancias sistem\u00e1ticas, o projeto incentiva as inf\u00e2ncias e as juventudes a desenvolverem autoconhecimento, planejamento e protagonismo em suas trajet\u00f3rias, preparando-os para os desafios da vida com prop\u00f3sito e sentido.<\/span><\/p>\n<p><span style=\"color: #2b3e69;\">Essa proposta, fundamentada na tradi\u00e7\u00e3o lassalista e na <strong>Base Nacional Comum Curricular (BNCC)<\/strong>, fortalece o compromisso da Rede La Salle com a educa\u00e7\u00e3o de excel\u00eancia e com a forma\u00e7\u00e3o de cidad\u00e3os comprometidos com a sociedade e com seu pr\u00f3prio futuro.<\/span><\/p>\n<p>[\/et_pb_text][et_pb_button button_url=&#8221;https:\/\/drive.google.com\/file\/d\/1wzfMpI8a4N2wVCRHifslzsYuS6VLobJZ\/view?usp=drive_link&#8221; button_text=&#8221;CLIQUE AQUI PARA LER O DOCUMENTO &#8221; button_alignment=&#8221;center&#8221; _builder_version=&#8221;4.9.7&#8243; _module_preset=&#8221;default&#8221; custom_button=&#8221;on&#8221; button_text_color=&#8221;#2b3e69&#8243; custom_margin=&#8221;11px||1px||false|false&#8221; custom_padding=&#8221;3px|||||&#8221;][\/et_pb_button][et_pb_button button_url=&#8221;https:\/\/drive.google.com\/drive\/folders\/1gs-r7Vr_NuIZTznwXxlHPQEnhmiHAd8s?usp=sharing&#8221; button_text=&#8221;MATERIAIS DISPON\u00cdVEIS&#8221; button_alignment=&#8221;center&#8221; _builder_version=&#8221;4.9.7&#8243; _module_preset=&#8221;default&#8221; custom_button=&#8221;on&#8221; button_text_color=&#8221;#2b3e69&#8243; custom_margin=&#8221;11px||1px||false|false&#8221; custom_padding=&#8221;3px|||||&#8221;][\/et_pb_button][\/et_pb_column][\/et_pb_row][et_pb_row use_custom_gutter=&#8221;on&#8221; gutter_width=&#8221;1&#8243; make_equal=&#8221;on&#8221; module_class=&#8221; et_pb_row_fullwidth&#8221; _builder_version=&#8221;4.9.7&#8243; background_image=&#8221;https:\/\/pastoral.lasalle.edu.br\/wp-content\/uploads\/2025\/02\/Fundo-azul.png&#8221; background_size=&#8221;initial&#8221; background_position=&#8221;top_left&#8221; background_repeat=&#8221;repeat&#8221; width=&#8221;100%&#8221; width_tablet=&#8221;100%&#8221; width_phone=&#8221;&#8221; width_last_edited=&#8221;on|desktop&#8221; max_width=&#8221;100%&#8221; max_width_tablet=&#8221;100%&#8221; max_width_phone=&#8221;&#8221; max_width_last_edited=&#8221;on|desktop&#8221; min_height=&#8221;236px&#8221; custom_margin=&#8221;-26px|auto|79px|auto||&#8221; custom_padding=&#8221;0px|179px|0px|168px||&#8221; make_fullwidth=&#8221;on&#8221;][et_pb_column type=&#8221;4_4&#8243; _builder_version=&#8221;4.9.7&#8243; background_enable_color=&#8221;off&#8221; background_enable_image=&#8221;off&#8221; background_position=&#8221;top_left&#8221; custom_padding=&#8221;||45px||false|false&#8221; custom_padding__hover=&#8221;|||&#8221;][\/et_pb_column][\/et_pb_row][\/et_pb_section]<\/p>\n","protected":false},"excerpt":{"rendered":"<p>O Projeto de Vida da Rede La Salle \u00e9 um guia para a forma\u00e7\u00e3o humana e integral dos estudantes, auxiliando-os na constru\u00e7\u00e3o de um percurso pessoal e comunit\u00e1rio alinhado aos valores da f\u00e9, fraternidade e servi\u00e7o. Atrav\u00e9s de experi\u00eancias sistem\u00e1ticas, o projeto incentiva as inf\u00e2ncias e as juventudes a desenvolverem autoconhecimento, planejamento e protagonismo em [&hellip;]<\/p>\n","protected":false},"author":1,"featured_media":0,"parent":0,"menu_order":0,"comment_status":"closed","ping_status":"closed","template":"","meta":{"_et_pb_use_builder":"on","_et_pb_old_content":"","_et_gb_content_width":"","footnotes":""},"class_list":["post-2682","page","type-page","status-publish","hentry"],"_links":{"self":[{"href":"https:\/\/pastoral.lasalle.edu.br\/index.php\/wp-json\/wp\/v2\/pages\/2682","targetHints":{"allow":["GET"]}}],"collection":[{"href":"https:\/\/pastoral.lasalle.edu.br\/index.php\/wp-json\/wp\/v2\/pages"}],"about":[{"href":"https:\/\/pastoral.lasalle.edu.br\/index.php\/wp-json\/wp\/v2\/types\/page"}],"author":[{"embeddable":true,"href":"https:\/\/pastoral.lasalle.edu.br\/index.php\/wp-json\/wp\/v2\/users\/1"}],"replies":[{"embeddable":true,"href":"https:\/\/pastoral.lasalle.edu.br\/index.php\/wp-json\/wp\/v2\/comments?post=2682"}],"version-history":[{"count":11,"href":"https:\/\/pastoral.lasalle.edu.br\/index.php\/wp-json\/wp\/v2\/pages\/2682\/revisions"}],"predecessor-version":[{"id":2738,"href":"https:\/\/pastoral.lasalle.edu.br\/index.php\/wp-json\/wp\/v2\/pages\/2682\/revisions\/2738"}],"wp:attachment":[{"href":"https:\/\/pastoral.lasalle.edu.br\/index.php\/wp-json\/wp\/v2\/media?parent=2682"}],"curies":[{"name":"wp","href":"https:\/\/api.w.org\/{rel}","templated":true}]}}