{"id":1919,"date":"2024-04-15T08:32:00","date_gmt":"2024-04-15T11:32:00","guid":{"rendered":"https:\/\/pastoral.lasalle.edu.br\/?page_id=1919"},"modified":"2024-04-15T16:14:43","modified_gmt":"2024-04-15T19:14:43","slug":"olhar-para-o-planeta","status":"publish","type":"page","link":"https:\/\/pastoral.lasalle.edu.br\/index.php\/olhar-para-o-planeta\/","title":{"rendered":"Olhar para o planeta"},"content":{"rendered":"<p>[et_pb_section fb_built=&#8221;1&#8243; admin_label=&#8221;Hero section&#8221; module_id=&#8221;olharsi&#8221; _builder_version=&#8221;4.9.7&#8243; background_color=&#8221;#89c069&#8243; background_image=&#8221;https:\/\/pastoral.lasalle.edu.br\/wp-content\/uploads\/2024\/04\/Leve4.png&#8221; background_blend=&#8221;soft-light&#8221; min_height=&#8221;523.8px&#8221; custom_margin=&#8221;||-100px||false|false&#8221; custom_padding=&#8221;0%||3.6%||false|false&#8221;][et_pb_row column_structure=&#8221;1_2,1_2&#8243; custom_padding_last_edited=&#8221;on|phone&#8221; _builder_version=&#8221;4.9.7&#8243; _module_preset=&#8221;default&#8221; custom_margin=&#8221;||44px||false|false&#8221; custom_padding=&#8221;121px||0px|||&#8221; custom_padding_tablet=&#8221;&#8221; custom_padding_phone=&#8221;64px||||false|false&#8221;][et_pb_column type=&#8221;1_2&#8243; _builder_version=&#8221;4.9.7&#8243; _module_preset=&#8221;default&#8221;][et_pb_image src=&#8221;https:\/\/pastoral.lasalle.edu.br\/wp-content\/uploads\/2024\/04\/Horizontal-fundo-amarelo-1.png&#8221; title_text=&#8221;Horizontal-fundo amarelo&#8221; url=&#8221;@ET-DC@eyJkeW5hbWljIjp0cnVlLCJjb250ZW50IjoicG9zdF9saW5rX3VybF9wYWdlIiwic2V0dGluZ3MiOnsicG9zdF9pZCI6IjE3MDMifX0=@&#8221; _builder_version=&#8221;4.9.7&#8243; _dynamic_attributes=&#8221;url&#8221; _module_preset=&#8221;default&#8221; transform_scale=&#8221;90%|90%&#8221; custom_padding=&#8221;0px|||||&#8221;][\/et_pb_image][\/et_pb_column][et_pb_column type=&#8221;1_2&#8243; _builder_version=&#8221;4.9.7&#8243; _module_preset=&#8221;default&#8221;][et_pb_image src=&#8221;https:\/\/pastoral.lasalle.edu.br\/wp-content\/uploads\/2024\/04\/Olhar-para-o-planeta.png&#8221; title_text=&#8221;Olhar-para-o-planeta&#8221; align=&#8221;center&#8221; _builder_version=&#8221;4.9.7&#8243; _module_preset=&#8221;default&#8221; width=&#8221;100%&#8221; max_width=&#8221;84%&#8221; custom_margin=&#8221;||||false|false&#8221; custom_padding=&#8221;24px||||false|false&#8221;][\/et_pb_image][\/et_pb_column][\/et_pb_row][\/et_pb_section][et_pb_section fb_built=&#8221;1&#8243; admin_label=&#8221;Featured Places&#8221; _builder_version=&#8221;4.9.7&#8243; background_color=&#8221;#FFFFFF&#8221; use_background_color_gradient=&#8221;on&#8221; background_color_gradient_start=&#8221;#ffffff&#8221; background_color_gradient_end=&#8221;rgba(91,121,158,0)&#8221; background_color_gradient_type=&#8221;radial&#8221; custom_margin=&#8221;||||false|false&#8221; custom_padding=&#8221;0px|0px|0px|0px|false|false&#8221;][et_pb_row column_structure=&#8221;1_2,1_2&#8243; _builder_version=&#8221;4.9.7&#8243; background_enable_color=&#8221;off&#8221; custom_margin=&#8221;|auto||auto|false|false&#8221; custom_padding=&#8221;||||true|false&#8221;][et_pb_column type=&#8221;1_2&#8243; _builder_version=&#8221;3.25&#8243; custom_padding=&#8221;|||&#8221; custom_padding__hover=&#8221;|||&#8221;][et_pb_text _builder_version=&#8221;4.9.7&#8243; _module_preset=&#8221;default&#8221; header_font=&#8221;||||||||&#8221; header_text_align=&#8221;left&#8221; header_text_color=&#8221;#183c5b&#8221; header_font_size=&#8221;10px&#8221; header_line_height=&#8221;2.7em&#8221; module_alignment=&#8221;center&#8221; custom_margin=&#8221;|||88px||&#8221; custom_padding=&#8221;12px||10px|0px|false|false&#8221; border_color_left=&#8221;#ed737f&#8221;]<\/p>\n<h1 style=\"text-align: right;\"><span style=\"color: #666666;\"><span style=\"font-size: 18px;\">[ Para fazer download do roteiro ]<\/span><\/span><\/h1>\n<p>[\/et_pb_text][\/et_pb_column][et_pb_column type=&#8221;1_2&#8243; _builder_version=&#8221;3.25&#8243; custom_padding=&#8221;|||&#8221; custom_padding__hover=&#8221;|||&#8221;][et_pb_button button_url=&#8221;https:\/\/drive.google.com\/file\/d\/176Yn87xuu5VKOU2luuiP751qREhbIp9l\/view?usp=sharing&#8221; url_new_window=&#8221;on&#8221; button_text=&#8221;Clique Aqui&#8221; button_alignment_tablet=&#8221;&#8221; button_alignment_phone=&#8221;center&#8221; button_alignment_last_edited=&#8221;on|phone&#8221; _builder_version=&#8221;4.9.7&#8243; _module_preset=&#8221;default&#8221; custom_button=&#8221;on&#8221; button_text_color=&#8221;#89c069&#8243; button_border_color=&#8221;#89c069&#8243; button_border_radius=&#8221;0px&#8221;][\/et_pb_button][\/et_pb_column][\/et_pb_row][\/et_pb_section][et_pb_section fb_built=&#8221;1&#8243; admin_label=&#8221;Featured Places&#8221; _builder_version=&#8221;4.9.7&#8243; background_color=&#8221;#FFFFFF&#8221; use_background_color_gradient=&#8221;on&#8221; background_color_gradient_start=&#8221;#ffffff&#8221; background_color_gradient_end=&#8221;rgba(91,121,158,0)&#8221; background_color_gradient_type=&#8221;radial&#8221; min_height=&#8221;182.8px&#8221; custom_margin=&#8221;||-124px||false|false&#8221; custom_padding=&#8221;100px|0px|23px|0px||&#8221;][et_pb_row _builder_version=&#8221;4.9.7&#8243; background_color=&#8221;#FFFFFF&#8221; min_height=&#8221;94px&#8221; height=&#8221;694px&#8221; custom_margin=&#8221;-100px|auto|-70px|auto||&#8221; custom_padding=&#8221;23px||23px||true|&#8221;][et_pb_column type=&#8221;4_4&#8243; _builder_version=&#8221;3.25&#8243; custom_padding=&#8221;|||&#8221; custom_padding__hover=&#8221;|||&#8221;][et_pb_image src=&#8221;https:\/\/pastoral.lasalle.edu.br\/wp-content\/uploads\/2024\/04\/Prancheta-5-copia-2-1.png&#8221; title_text=&#8221;Prancheta 5 c\u00f3pia 2&#8243; align=&#8221;center&#8221; _builder_version=&#8221;4.9.7&#8243; _module_preset=&#8221;default&#8221; transform_scale_tablet=&#8221;&#8221; transform_scale_phone=&#8221;220%|220%&#8221; transform_scale_last_edited=&#8221;on|phone&#8221; transform_translate_tablet=&#8221;&#8221; transform_translate_phone=&#8221;&#8221; transform_translate_last_edited=&#8221;on|phone&#8221; transform_rotate_tablet=&#8221;&#8221; transform_rotate_phone=&#8221;&#8221; transform_rotate_last_edited=&#8221;on|phone&#8221; transform_skew_tablet=&#8221;&#8221; transform_skew_phone=&#8221;&#8221; transform_skew_last_edited=&#8221;on|phone&#8221; transform_origin_tablet=&#8221;&#8221; transform_origin_phone=&#8221;&#8221; transform_origin_last_edited=&#8221;on|phone&#8221; transform_styles_last_edited=&#8221;on|phone&#8221; width=&#8221;39%&#8221; transform_styles_tablet=&#8221;&#8221; transform_styles_phone=&#8221;&#8221;][\/et_pb_image][et_pb_video src=&#8221;https:\/\/youtu.be\/kNWYKSS4oZE&#8221; use_icon_font_size=&#8221;on&#8221; icon_font_size=&#8221;120px&#8221; _builder_version=&#8221;4.9.7&#8243; _module_preset=&#8221;default&#8221; width=&#8221;44%&#8221; max_width=&#8221;89%&#8221; module_alignment=&#8221;center&#8221; hover_enabled=&#8221;0&#8243; sticky_enabled=&#8221;0&#8243;][\/et_pb_video][et_pb_text _builder_version=&#8221;4.9.7&#8243; _module_preset=&#8221;default&#8221; header_font=&#8221;||||||||&#8221; header_text_align=&#8221;left&#8221; header_text_color=&#8221;#183c5b&#8221; header_font_size=&#8221;10px&#8221; header_line_height=&#8221;2.7em&#8221; module_alignment=&#8221;center&#8221; custom_margin=&#8221;|||88px||&#8221; custom_padding=&#8221;3px||10px|24px|false|false&#8221; border_width_left=&#8221;3px&#8221; border_color_left=&#8221;#89c069&#8243;]<\/p>\n<h1 style=\"text-align: left;\"><span style=\"color: #666666; font-size: 18px; text-align: justify;\">Neste quarto dia da Semana de La Salle, queremos <strong>olhar para o nosso Planeta Terra<\/strong>, que \u00e9 a casa da nossa grande fam\u00edlia humana. N\u00f3s devemos ser os grandes cuidadores dessa casa. Temos a miss\u00e3o de viver nesse lar e deix\u00e1-lo em boas condi\u00e7\u00f5es para n\u00f3s mesmos e para os moradores que v\u00eam depois.<\/span><\/h1>\n<h1 style=\"text-align: left;\"><span style=\"color: #666666; font-size: 18px; text-align: justify;\">Por isso somos convidados a agirmos de forma correta e respons\u00e1vel com o Planeta, considerando sua diversidade e todas as formas de vida que existem.<\/span><\/h1>\n<h1 style=\"text-align: left;\"><span style=\"color: #666666; font-size: 18px; text-align: justify;\">La Salle, em seu tempo, encontrou como forma de <strong>cuidar da Casa Comum<\/strong> investir na educa\u00e7\u00e3o das pessoas: criou escolas para meninos carentes e transformou as suas vidas. Muita gente seguiu os seus passos e hoje a Rede La Salle est\u00e1 presente em cerca de 80 pa\u00edses do mundo.<\/span><\/h1>\n<h1 style=\"text-align: left;\"><span style=\"color: #666666; font-size: 18px; text-align: justify;\">Somos n\u00f3s tamb\u00e9m seguidores da sua obra e precisamos nos comprometer a manter vivo o seu legado. Hoje, a educa\u00e7\u00e3o nos provoca a pensar e empreender pr\u00e1ticas relacionadas ao planeta: a\u00e7\u00f5es de cuidado com a natureza, de cuidado com as pessoas, de interven\u00e7\u00e3o nas realidades sociais, de gerar uma cultura de paz e empatia, de miss\u00f5es em espa\u00e7os de necessidade e conflito, entre tantos contextos que nos impelem a agir.<\/span><\/h1>\n<h1 style=\"text-align: left;\"><span style=\"color: #666666; font-size: 18px; text-align: justify;\"><strong>Voc\u00ea n\u00e3o vai ficar de bra\u00e7os cruzados, vai?!<\/strong><\/span><span style=\"font-size: 18px; text-align: center;\"><\/span><\/h1>\n<p>[\/et_pb_text][et_pb_text _builder_version=&#8221;4.9.7&#8243; _module_preset=&#8221;default&#8221; header_font=&#8221;||||||||&#8221; header_text_align=&#8221;left&#8221; header_text_color=&#8221;#183c5b&#8221; header_font_size=&#8221;10px&#8221; header_line_height=&#8221;2.7em&#8221; module_alignment=&#8221;center&#8221; custom_margin=&#8221;|||88px||&#8221; custom_padding=&#8221;3px||10px|24px|false|false&#8221; border_color_top=&#8221;#ed737f&#8221; border_color_bottom=&#8221;#ed737f&#8221; border_color_left=&#8221;#ed737f&#8221;]<\/p>\n<h2><strong><span style=\"color: #666666; font-size: large;\">Para refletir:<\/span><\/strong><span style=\"font-size: 18px; text-align: center;\"><\/span><\/h2>\n<p>[\/et_pb_text][et_pb_text _builder_version=&#8221;4.9.7&#8243; _module_preset=&#8221;default&#8221; header_font=&#8221;||||||||&#8221; header_text_align=&#8221;left&#8221; header_text_color=&#8221;#183c5b&#8221; header_font_size=&#8221;10px&#8221; header_line_height=&#8221;2.7em&#8221; module_alignment=&#8221;center&#8221; custom_margin=&#8221;|||88px||&#8221; custom_padding=&#8221;3px||10px|24px|false|false&#8221; border_width_left=&#8221;3px&#8221; border_color_left=&#8221;#89c069&#8243;]<\/p>\n<h1 style=\"text-align: left;\"><span style=\"color: #666666; font-size: 18px; text-align: justify;\"><em><span is=\"qowt-word-run\" qowt-eid=\"E516\" id=\"E516\" class=\"qowt-font3-Arial\" qowt-format=\"{&quot;udl&quot;:false}\">La Salle criou escolas para melhorar a vida das crian\u00e7as e jovens ao seu entorno, voc\u00ea se sente atendido por essa a\u00e7\u00e3o de La Salle?<br \/>Voc\u00ea j\u00e1 faz algo pela nossa Casa Comum? O qu\u00ea?<br \/>Se o Planeta Terra pudesse falar, o que ele diria?<br \/>Voc\u00ea conhece outras escolas da Rede La Salle? Quais?<\/span><\/em><\/span><span style=\"font-size: 18px; text-align: center;\"><\/span><\/h1>\n<p>[\/et_pb_text][\/et_pb_column][\/et_pb_row][\/et_pb_section][et_pb_section fb_built=&#8221;1&#8243; _builder_version=&#8221;4.9.7&#8243; _module_preset=&#8221;default&#8221; background_enable_image=&#8221;off&#8221; background_position=&#8221;bottom_right&#8221; min_height=&#8221;133px&#8221; custom_padding=&#8221;||0px|||&#8221;][et_pb_row _builder_version=&#8221;4.9.7&#8243; _module_preset=&#8221;default&#8221; min_height=&#8221;255.4px&#8221;][et_pb_column type=&#8221;4_4&#8243; _builder_version=&#8221;4.9.7&#8243; _module_preset=&#8221;default&#8221;][\/et_pb_column][\/et_pb_row][\/et_pb_section][et_pb_section fb_built=&#8221;1&#8243; admin_label=&#8221;Hero section&#8221; _builder_version=&#8221;4.9.7&#8243; background_color=&#8221;#89c069&#8243; background_image=&#8221;https:\/\/pastoral.lasalle.edu.br\/wp-content\/uploads\/2024\/04\/Leve4.png&#8221; background_blend=&#8221;soft-light&#8221; min_height=&#8221;523.8px&#8221; custom_margin=&#8221;||-18px||false|false&#8221; custom_padding=&#8221;0.8%||4.7%|||&#8221;][et_pb_row custom_padding_last_edited=&#8221;on|phone&#8221; _builder_version=&#8221;4.9.7&#8243; _module_preset=&#8221;default&#8221; min_height=&#8221;255.4px&#8221; custom_padding=&#8221;0px||0px|||&#8221; custom_padding_tablet=&#8221;&#8221; custom_padding_phone=&#8221;18px||0px||false|false&#8221;][et_pb_column type=&#8221;4_4&#8243; _builder_version=&#8221;4.9.7&#8243; _module_preset=&#8221;default&#8221;][et_pb_image src=&#8221;https:\/\/pastoral.lasalle.edu.br\/wp-content\/uploads\/2024\/04\/Prece.png&#8221; title_text=&#8221;Prece&#8221; align=&#8221;center&#8221; _builder_version=&#8221;4.9.7&#8243; _module_preset=&#8221;default&#8221; transform_scale_tablet=&#8221;&#8221; transform_scale_phone=&#8221;220%|220%&#8221; transform_scale_last_edited=&#8221;on|phone&#8221; transform_translate_tablet=&#8221;&#8221; transform_translate_phone=&#8221;&#8221; transform_translate_last_edited=&#8221;on|phone&#8221; transform_rotate_tablet=&#8221;&#8221; transform_rotate_phone=&#8221;&#8221; transform_rotate_last_edited=&#8221;on|phone&#8221; transform_skew_tablet=&#8221;&#8221; transform_skew_phone=&#8221;&#8221; transform_skew_last_edited=&#8221;on|phone&#8221; transform_origin_tablet=&#8221;&#8221; transform_origin_phone=&#8221;&#8221; transform_origin_last_edited=&#8221;on|phone&#8221; transform_styles_last_edited=&#8221;on|phone&#8221; width=&#8221;39%&#8221; transform_styles_tablet=&#8221;&#8221; transform_styles_phone=&#8221;&#8221;][\/et_pb_image][et_pb_video src=&#8221;https:\/\/youtu.be\/f6ZIhdcG01M&#8221; use_icon_font_size=&#8221;on&#8221; icon_font_size=&#8221;120px&#8221; _builder_version=&#8221;4.9.7&#8243; _module_preset=&#8221;default&#8221; width=&#8221;38%&#8221; module_alignment=&#8221;center&#8221; hover_enabled=&#8221;0&#8243; sticky_enabled=&#8221;0&#8243;][\/et_pb_video][et_pb_text _builder_version=&#8221;4.9.7&#8243; _module_preset=&#8221;default&#8221; header_text_align=&#8221;left&#8221; header_text_color=&#8221;#ed737f&#8221; header_font_size=&#8221;20px&#8221; header_line_height=&#8221;1.5em&#8221; module_alignment=&#8221;center&#8221; custom_margin=&#8221;|||88px||&#8221; custom_padding=&#8221;|||24px||&#8221; border_width_left=&#8221;3px&#8221; border_color_left=&#8221;#FFFFFF&#8221;]<\/p>\n<h1 style=\"text-align: left;\"><span style=\"color: #ffffff;\"><span is=\"qowt-word-run\" qowt-eid=\"E516\" id=\"E516\" class=\"qowt-font3-Arial\" qowt-format=\"{&quot;udl&quot;:false}\">Senhor, olhai para a nossa Casa Comum, o Planeta Terra, e para as pessoas que nele habitam. Que todos possam compreender e agir com cuidado. Que respeitemos a natureza e sua diversidade, as pessoas e suas culturas. Que nossas atitudes di\u00e1rias sejam de zelo e preserva\u00e7\u00e3o da Terra, para que aqui possam viver plenamente com aqueles que amamos e com aqueles que h\u00e3o de vir. <strong>Am\u00e9m.<\/strong><\/span><\/span><\/h1>\n<p>[\/et_pb_text][\/et_pb_column][\/et_pb_row][\/et_pb_section][et_pb_section fb_built=&#8221;1&#8243; _builder_version=&#8221;4.9.7&#8243; _module_preset=&#8221;default&#8221; background_enable_image=&#8221;off&#8221; background_position=&#8221;bottom_right&#8221; min_height=&#8221;133px&#8221; custom_padding=&#8221;0px||41px|||&#8221;][et_pb_row custom_padding_last_edited=&#8221;on|phone&#8221; _builder_version=&#8221;4.9.7&#8243; _module_preset=&#8221;default&#8221; min_height=&#8221;341.4px&#8221; custom_padding=&#8221;0px||0px|||&#8221; custom_padding_tablet=&#8221;&#8221; custom_padding_phone=&#8221;24px||0px||false|false&#8221;][et_pb_column type=&#8221;4_4&#8243; _builder_version=&#8221;4.9.7&#8243; _module_preset=&#8221;default&#8221;][et_pb_image src=&#8221;https:\/\/pastoral.lasalle.edu.br\/wp-content\/uploads\/2024\/04\/Prancheta-5-1.png&#8221; title_text=&#8221;Prancheta 5&#8243; align=&#8221;center&#8221; _builder_version=&#8221;4.9.7&#8243; _module_preset=&#8221;default&#8221; transform_scale_tablet=&#8221;&#8221; transform_scale_phone=&#8221;220%|220%&#8221; transform_scale_last_edited=&#8221;on|phone&#8221; transform_translate_tablet=&#8221;&#8221; transform_translate_phone=&#8221;&#8221; transform_translate_last_edited=&#8221;on|phone&#8221; transform_rotate_tablet=&#8221;&#8221; transform_rotate_phone=&#8221;&#8221; transform_rotate_last_edited=&#8221;on|phone&#8221; transform_skew_tablet=&#8221;&#8221; transform_skew_phone=&#8221;&#8221; transform_skew_last_edited=&#8221;on|phone&#8221; transform_origin_tablet=&#8221;&#8221; transform_origin_phone=&#8221;&#8221; transform_origin_last_edited=&#8221;on|phone&#8221; transform_styles_last_edited=&#8221;on|phone&#8221; width=&#8221;39%&#8221; transform_styles_tablet=&#8221;&#8221; transform_styles_phone=&#8221;&#8221;][\/et_pb_image][et_pb_text _builder_version=&#8221;4.9.7&#8243; _module_preset=&#8221;default&#8221; header_font=&#8221;||||||||&#8221; header_text_align=&#8221;left&#8221; header_text_color=&#8221;#183c5b&#8221; header_font_size=&#8221;10px&#8221; header_line_height=&#8221;2.7em&#8221; module_alignment=&#8221;center&#8221; custom_margin=&#8221;|||88px||&#8221; custom_padding=&#8221;||10px|24px|false|false&#8221; border_width_left=&#8221;3px&#8221; border_color_left=&#8221;#89c069&#8243;]<\/p>\n<h1 style=\"text-align: left;\"><strong><span is=\"qowt-word-run\" qowt-eid=\"E516\" class=\"qowt-font3-Arial\" qowt-format=\"{&quot;udl&quot;:false}\"><span style=\"font-size: 18px;\">Confira algumas sugest\u00f5es de atividades para serem realizadas durante a programa\u00e7\u00e3o da Semana de La Salle na sua Comunidade Educativa:<\/span><\/span><\/strong><\/h1>\n<h1 style=\"text-align: left;\"><span is=\"qowt-word-run\" qowt-eid=\"E516\" id=\"E516\" class=\"qowt-font3-Arial\" qowt-format=\"{&quot;udl&quot;:false}\"><qowt-page named-flow=\"FLOW-1\"><span style=\"font-size: 18px;\">1. Compartilhar nomes e a\u00e7\u00f5es de pessoas do cotidiano que fazem a diferen\u00e7a no Planeta;<\/span><\/qowt-page><\/span><\/h1>\n<h1 style=\"text-align: left;\"><span is=\"qowt-word-run\" qowt-eid=\"E516\" id=\"E516\" class=\"qowt-font3-Arial\" qowt-format=\"{&quot;udl&quot;:false}\"><qowt-page named-flow=\"FLOW-1\"><span style=\"font-size: 18px;\">2. Convidar algu\u00e9m inspirador para realizar uma fala na Comunidade Educativa a respeito do cuidado com a Casa Comum;<\/span><\/qowt-page><\/span><\/h1>\n<h1 style=\"text-align: left;\"><span is=\"qowt-word-run\" qowt-eid=\"E516\" id=\"E516\" class=\"qowt-font3-Arial\" qowt-format=\"{&quot;udl&quot;:false}\"><qowt-page named-flow=\"FLOW-1\"><span style=\"font-size: 18px;\">3. Promover uma a\u00e7\u00e3o de cuidado com a Casa Comum (recolher o lixo do p\u00e1tio ap\u00f3s o intervalo, varrer a sala de aula antes de sair, apagar as mesas riscadas, plantar, distribuir panfletos, visitar um lar de crian\u00e7as ou idosos&#8230;);<\/span><\/qowt-page><\/span><\/h1>\n<h1 style=\"text-align: left;\"><span is=\"qowt-word-run\" qowt-eid=\"E516\" id=\"E516\" class=\"qowt-font3-Arial\" qowt-format=\"{&quot;udl&quot;:false}\"><qowt-page named-flow=\"FLOW-1\"><span style=\"font-size: 18px;\">4. Dialogar a respeito da falta de cuidado que possa existir na escola, pensar o que pode ser feito.<\/span><\/qowt-page><\/span><\/h1>\n<p>[\/et_pb_text][\/et_pb_column][\/et_pb_row][et_pb_row column_structure=&#8221;1_4,1_4,1_4,1_4&#8243; custom_padding_last_edited=&#8221;on|phone&#8221; _builder_version=&#8221;4.9.7&#8243; _module_preset=&#8221;default&#8221; min_height=&#8221;341.4px&#8221; custom_padding=&#8221;109px||0px||false|false&#8221; custom_padding_tablet=&#8221;&#8221; custom_padding_phone=&#8221;35px||||false|false&#8221;][et_pb_column type=&#8221;1_4&#8243; _builder_version=&#8221;4.9.7&#8243; _module_preset=&#8221;default&#8221;][et_pb_image src=&#8221;https:\/\/pastoral.lasalle.edu.br\/wp-content\/uploads\/2024\/04\/Prancheta-12-2.png&#8221; title_text=&#8221;Prancheta 12&#8243; url=&#8221;@ET-DC@eyJkeW5hbWljIjp0cnVlLCJjb250ZW50IjoicG9zdF9saW5rX3VybF9wYWdlIiwic2V0dGluZ3MiOnsicG9zdF9pZCI6IjE5MzYifX0=@&#8221; _builder_version=&#8221;4.9.7&#8243; _dynamic_attributes=&#8221;url&#8221; _module_preset=&#8221;default&#8221; transform_styles__hover_enabled=&#8221;on|hover&#8221; transform_scale__hover_enabled=&#8221;on|hover&#8221; transform_translate__hover_enabled=&#8221;on|desktop&#8221; transform_rotate__hover_enabled=&#8221;on|desktop&#8221; transform_skew__hover_enabled=&#8221;on|desktop&#8221; transform_origin__hover_enabled=&#8221;on|desktop&#8221; transform_scale__hover=&#8221;115%|115%&#8221;][\/et_pb_image][\/et_pb_column][et_pb_column type=&#8221;1_4&#8243; _builder_version=&#8221;4.9.7&#8243; _module_preset=&#8221;default&#8221;][et_pb_image src=&#8221;https:\/\/pastoral.lasalle.edu.br\/wp-content\/uploads\/2024\/04\/Prancheta-12-copia-2-2.png&#8221; title_text=&#8221;Prancheta 12 c\u00f3pia 2&#8243; url=&#8221;#olharsi&#8221; _builder_version=&#8221;4.9.7&#8243; _module_preset=&#8221;default&#8221; transform_styles__hover_enabled=&#8221;on|hover&#8221; transform_scale__hover_enabled=&#8221;on|hover&#8221; transform_translate__hover_enabled=&#8221;on|desktop&#8221; transform_rotate__hover_enabled=&#8221;on|desktop&#8221; transform_skew__hover_enabled=&#8221;on|desktop&#8221; transform_origin__hover_enabled=&#8221;on|desktop&#8221; transform_scale__hover=&#8221;115%|115%&#8221;][\/et_pb_image][\/et_pb_column][et_pb_column type=&#8221;1_4&#8243; _builder_version=&#8221;4.9.7&#8243; _module_preset=&#8221;default&#8221;][et_pb_image src=&#8221;https:\/\/pastoral.lasalle.edu.br\/wp-content\/uploads\/2024\/04\/Prancheta-12-copia-4.png&#8221; title_text=&#8221;Prancheta 12 c\u00f3pia&#8221; url=&#8221;@ET-DC@eyJkeW5hbWljIjp0cnVlLCJjb250ZW50IjoicG9zdF9saW5rX3VybF9wYWdlIiwic2V0dGluZ3MiOnsicG9zdF9pZCI6IjE5NTQifX0=@&#8221; align=&#8221;center&#8221; _builder_version=&#8221;4.9.7&#8243; _dynamic_attributes=&#8221;url&#8221; _module_preset=&#8221;default&#8221; custom_margin=&#8221;||||false|false&#8221; custom_padding=&#8221;||||false|false&#8221; transform_styles__hover_enabled=&#8221;on|hover&#8221; transform_scale__hover_enabled=&#8221;on|hover&#8221; transform_translate__hover_enabled=&#8221;on|desktop&#8221; transform_rotate__hover_enabled=&#8221;on|desktop&#8221; transform_skew__hover_enabled=&#8221;on|desktop&#8221; transform_origin__hover_enabled=&#8221;on|desktop&#8221; transform_scale__hover=&#8221;115%|115%&#8221;][\/et_pb_image][\/et_pb_column][et_pb_column type=&#8221;1_4&#8243; _builder_version=&#8221;4.9.7&#8243; _module_preset=&#8221;default&#8221;][et_pb_image src=&#8221;https:\/\/pastoral.lasalle.edu.br\/wp-content\/uploads\/2024\/04\/Prancheta-12-copia-3-1.png&#8221; title_text=&#8221;Prancheta 12 c\u00f3pia 3&#8243; url=&#8221;@ET-DC@eyJkeW5hbWljIjp0cnVlLCJjb250ZW50IjoicG9zdF9saW5rX3VybF9wYWdlIiwic2V0dGluZ3MiOnsicG9zdF9pZCI6IjE3MDMifX0=@&#8221; _builder_version=&#8221;4.9.7&#8243; _dynamic_attributes=&#8221;url&#8221; _module_preset=&#8221;default&#8221; transform_styles__hover_enabled=&#8221;on|hover&#8221; transform_scale__hover_enabled=&#8221;on|hover&#8221; transform_translate__hover_enabled=&#8221;on|desktop&#8221; transform_rotate__hover_enabled=&#8221;on|desktop&#8221; transform_skew__hover_enabled=&#8221;on|desktop&#8221; transform_origin__hover_enabled=&#8221;on|desktop&#8221; transform_scale__hover=&#8221;115%|115%&#8221;][\/et_pb_image][\/et_pb_column][\/et_pb_row][\/et_pb_section][et_pb_section fb_built=&#8221;1&#8243; _builder_version=&#8221;4.9.7&#8243; _module_preset=&#8221;default&#8221; background_image=&#8221;https:\/\/pastoral.lasalle.edu.br\/wp-content\/uploads\/2024\/04\/Rodape.png&#8221; module_alignment=&#8221;center&#8221; min_height=&#8221;133px&#8221; custom_padding=&#8221;33px|||||&#8221;][et_pb_row _builder_version=&#8221;4.9.7&#8243; _dynamic_attributes=&#8221;link_option_url&#8221; _module_preset=&#8221;default&#8221; link_option_url=&#8221;@ET-DC@eyJkeW5hbWljIjp0cnVlLCJjb250ZW50IjoicG9zdF9saW5rX3VybF9wYWdlIiwic2V0dGluZ3MiOnsicG9zdF9pZCI6IjE3MDMifX0=@&#8221;][et_pb_column type=&#8221;4_4&#8243; _builder_version=&#8221;4.9.7&#8243; _module_preset=&#8221;default&#8221;][\/et_pb_column][\/et_pb_row][\/et_pb_section]<\/p>\n","protected":false},"excerpt":{"rendered":"<p>[ Para fazer download do roteiro ]Neste quarto dia da Semana de La Salle, queremos olhar para o nosso Planeta Terra, que \u00e9 a casa da nossa grande fam\u00edlia humana. N\u00f3s devemos ser os grandes cuidadores dessa casa. Temos a miss\u00e3o de viver nesse lar e deix\u00e1-lo em boas condi\u00e7\u00f5es para n\u00f3s mesmos e para [&hellip;]<\/p>\n","protected":false},"author":1,"featured_media":0,"parent":0,"menu_order":0,"comment_status":"closed","ping_status":"closed","template":"","meta":{"_et_pb_use_builder":"on","_et_pb_old_content":"","_et_gb_content_width":"","footnotes":""},"class_list":["post-1919","page","type-page","status-publish","hentry"],"_links":{"self":[{"href":"https:\/\/pastoral.lasalle.edu.br\/index.php\/wp-json\/wp\/v2\/pages\/1919","targetHints":{"allow":["GET"]}}],"collection":[{"href":"https:\/\/pastoral.lasalle.edu.br\/index.php\/wp-json\/wp\/v2\/pages"}],"about":[{"href":"https:\/\/pastoral.lasalle.edu.br\/index.php\/wp-json\/wp\/v2\/types\/page"}],"author":[{"embeddable":true,"href":"https:\/\/pastoral.lasalle.edu.br\/index.php\/wp-json\/wp\/v2\/users\/1"}],"replies":[{"embeddable":true,"href":"https:\/\/pastoral.lasalle.edu.br\/index.php\/wp-json\/wp\/v2\/comments?post=1919"}],"version-history":[{"count":14,"href":"https:\/\/pastoral.lasalle.edu.br\/index.php\/wp-json\/wp\/v2\/pages\/1919\/revisions"}],"predecessor-version":[{"id":2048,"href":"https:\/\/pastoral.lasalle.edu.br\/index.php\/wp-json\/wp\/v2\/pages\/1919\/revisions\/2048"}],"wp:attachment":[{"href":"https:\/\/pastoral.lasalle.edu.br\/index.php\/wp-json\/wp\/v2\/media?parent=1919"}],"curies":[{"name":"wp","href":"https:\/\/api.w.org\/{rel}","templated":true}]}}