{"id":1334,"date":"2023-04-18T11:20:39","date_gmt":"2023-04-18T14:20:39","guid":{"rendered":"https:\/\/pastoral.lasalle.edu.br\/?page_id=1334"},"modified":"2023-05-03T16:36:46","modified_gmt":"2023-05-03T19:36:46","slug":"semana-de-la-salle-2023-esp","status":"publish","type":"page","link":"https:\/\/pastoral.lasalle.edu.br\/index.php\/semana-de-la-salle-2023-esp\/","title":{"rendered":"Semana de La Salle 2023 &#8211; esp"},"content":{"rendered":"<p>[et_pb_section fb_built=&#8221;1&#8243; admin_label=&#8221;Hero section&#8221; _builder_version=&#8221;4.9.7&#8243; background_color=&#8221;#4070b5&#8243; background_enable_image=&#8221;off&#8221; min_height=&#8221;318.2px&#8221; max_height=&#8221;1000px&#8221; custom_margin=&#8221;-159px||-116px||false|false&#8221; custom_padding=&#8221;10%||5%|||&#8221;][et_pb_row column_structure=&#8221;1_2,1_2&#8243; _builder_version=&#8221;4.9.7&#8243; _module_preset=&#8221;default&#8221; min_height=&#8221;94px&#8221; custom_margin=&#8221;|auto||7px||&#8221; custom_padding=&#8221;|||0px||&#8221;][et_pb_column type=&#8221;1_2&#8243; _builder_version=&#8221;4.9.7&#8243; _module_preset=&#8221;default&#8221;][\/et_pb_column][et_pb_column type=&#8221;1_2&#8243; _builder_version=&#8221;4.9.7&#8243; _module_preset=&#8221;default&#8221;][et_pb_image src=&#8221;https:\/\/pastoral.lasalle.edu.br\/wp-content\/uploads\/2023\/01\/Bra.png&#8221; title_text=&#8221;Bra&#8221; url=&#8221;@ET-DC@eyJkeW5hbWljIjp0cnVlLCJjb250ZW50IjoicG9zdF9saW5rX3VybF9wYWdlIiwic2V0dGluZ3MiOnsicG9zdF9pZCI6Ijk5NiJ9fQ==@&#8221; align=&#8221;center&#8221; _builder_version=&#8221;4.9.7&#8243; _dynamic_attributes=&#8221;url&#8221; _module_preset=&#8221;default&#8221; width=&#8221;39.2%&#8221; module_alignment=&#8221;left&#8221; min_height=&#8221;107.8px&#8221; custom_margin=&#8221;|317px||-193px||&#8221; custom_padding=&#8221;|1px|13px|0px||&#8221;][\/et_pb_image][\/et_pb_column][\/et_pb_row][\/et_pb_section][et_pb_section fb_built=&#8221;1&#8243; admin_label=&#8221;Hero section&#8221; _builder_version=&#8221;4.9.7&#8243; background_image=&#8221;https:\/\/pastoral.lasalle.edu.br\/wp-content\/uploads\/2023\/04\/BANNER-SITE_Semana-de-La-Salle.png&#8221; min_height=&#8221;318.2px&#8221; max_height=&#8221;1000px&#8221; custom_margin=&#8221;-33px||-41px||false|false&#8221; custom_padding=&#8221;3.2%||3.4%|||&#8221;][et_pb_row _builder_version=&#8221;4.9.7&#8243; _module_preset=&#8221;default&#8221;][et_pb_column type=&#8221;4_4&#8243; _builder_version=&#8221;4.9.7&#8243; _module_preset=&#8221;default&#8221;][\/et_pb_column][\/et_pb_row][et_pb_row _builder_version=&#8221;4.9.7&#8243; _module_preset=&#8221;default&#8221;][et_pb_column type=&#8221;4_4&#8243; _builder_version=&#8221;4.9.7&#8243; _module_preset=&#8221;default&#8221;][\/et_pb_column][\/et_pb_row][et_pb_row _builder_version=&#8221;4.9.7&#8243; _module_preset=&#8221;default&#8221;][et_pb_column type=&#8221;4_4&#8243; _builder_version=&#8221;4.9.7&#8243; _module_preset=&#8221;default&#8221;][\/et_pb_column][\/et_pb_row][et_pb_row _builder_version=&#8221;4.9.7&#8243; _module_preset=&#8221;default&#8221;][et_pb_column type=&#8221;4_4&#8243; _builder_version=&#8221;4.9.7&#8243; _module_preset=&#8221;default&#8221;][\/et_pb_column][\/et_pb_row][\/et_pb_section][et_pb_section fb_built=&#8221;1&#8243; _builder_version=&#8221;4.9.7&#8243; _module_preset=&#8221;default&#8221; background_color=&#8221;rgba(0,0,0,0.17)&#8221; background_enable_image=&#8221;off&#8221; width=&#8221;100%&#8221; min_height=&#8221;312.1px&#8221; custom_margin=&#8221;40px||1px||false|false&#8221; custom_padding=&#8221;53px||0px||false|false&#8221;][et_pb_row _builder_version=&#8221;4.9.7&#8243; _module_preset=&#8221;default&#8221; width=&#8221;92.6%&#8221; min_height=&#8221;110.1px&#8221; custom_margin=&#8221;-44px|15px|-12px|auto||&#8221; custom_padding=&#8221;||0px|195px||&#8221;][et_pb_column type=&#8221;4_4&#8243; _builder_version=&#8221;4.9.7&#8243; _module_preset=&#8221;default&#8221;][et_pb_text _builder_version=&#8221;4.9.7&#8243; _module_preset=&#8221;default&#8221; text_font=&#8221;Lato|700|||||||&#8221; text_text_color=&#8221;#000000&#8243; header_2_font=&#8221;|||on|||||&#8221; header_2_text_color=&#8221;#FFFFFF&#8221; width=&#8221;99.6%&#8221; custom_margin=&#8221;|||-9px||&#8221; custom_padding=&#8221;0px|4px|18px|0px||&#8221;]<\/p>\n<h2 id=\"h.cqaxzivurrsh_l\" dir=\"ltr\" class=\"zfr3Q JYVBee CDt4Ke \"><strong><span style=\"color: #002d68;\"><span class=\"Rn3Z1b C9DxTc \">Bienvenidos a la Semana de La Salle 2023!<\/span><\/span><\/strong><\/h2>\n<p>[\/et_pb_text][\/et_pb_column][\/et_pb_row][et_pb_row _builder_version=&#8221;4.9.7&#8243; _module_preset=&#8221;default&#8221; width=&#8221;92.6%&#8221; min_height=&#8221;433.1px&#8221; custom_margin=&#8221;-44px|75px|-12px|auto||&#8221; custom_padding=&#8221;17px||0px|135px||&#8221;][et_pb_column type=&#8221;4_4&#8243; _builder_version=&#8221;4.9.7&#8243; _module_preset=&#8221;default&#8221;][et_pb_video src=&#8221;https:\/\/youtu.be\/5ZuYDlUur-s&#8221; _builder_version=&#8221;4.9.7&#8243; _module_preset=&#8221;default&#8221; width=&#8221;82.5%&#8221; min_height=&#8221;389.1px&#8221; custom_margin=&#8221;|-141px|3px|28px||&#8221; custom_padding=&#8221;|50px|28px|59px||&#8221;][\/et_pb_video][\/et_pb_column][\/et_pb_row][\/et_pb_section][et_pb_section fb_built=&#8221;1&#8243; _builder_version=&#8221;4.9.7&#8243; _module_preset=&#8221;default&#8221; background_color=&#8221;RGBA(0,0,0,0)&#8221; min_height=&#8221;384.2px&#8221; custom_padding=&#8221;29px||29px|||&#8221; global_colors_info=&#8221;{%22gcid-895a277b-7d16-4175-b71c-03941378d685%22:%91%93}&#8221;][et_pb_row _builder_version=&#8221;3.25&#8243; custom_margin=&#8221;|||&#8221; custom_padding=&#8221;||12px|||&#8221;][et_pb_column type=&#8221;4_4&#8243; _builder_version=&#8221;3.25&#8243; custom_padding=&#8221;|||&#8221; custom_padding__hover=&#8221;|||&#8221;][et_pb_text _builder_version=&#8221;4.9.7&#8243; text_font=&#8221;Lato||||||||&#8221; text_text_color=&#8221;#898f99&#8243; text_font_size=&#8221;18px&#8221; text_line_height=&#8221;1.8em&#8221; header_font=&#8221;||||||||&#8221; header_2_font=&#8221;Lato|700|||||||&#8221; header_2_font_size=&#8221;42px&#8221; header_2_line_height=&#8221;1.5em&#8221; text_orientation=&#8221;center&#8221; max_width=&#8221;800px&#8221; module_alignment=&#8221;center&#8221; locked=&#8221;off&#8221;]<\/p>\n<h3><strong><span style=\"color: #000000;\">\u00a1Estimado Lasallista!<\/span><\/strong><\/h3>\n<p style=\"text-align: center;\"><span>La <strong>Semana de La Salle 2023<\/strong> se acerca<br \/><\/span><span>Entre los d\u00edas <strong>15 y 19 de mayo<\/strong>, estamos invitados a reflexionar sobre los valores ende\u00f1ados por san Juan Bautista de La Salle, y que hoy se nos llama a seguir y mantenerlos vivos.<br \/><\/span>Alineado al <strong>ADN, <\/strong>tema de la<strong> Reflexi\u00f3n Lasallista <\/strong>de este a\u00f1o, reflexiones, din\u00e1micas y actividades han sido planificadas para que las puedan realizar en su Comunidad Educativa<br \/><span>\u00a1Contamos con su participaci\u00f3n y compromiso!<\/span><\/p>\n<p>[\/et_pb_text][et_pb_button button_url=&#8221;https:\/\/drive.google.com\/file\/d\/1W5b1z6mzOgudeyQsrxjeZjmc-PWr-LmY\/view?usp=sharing&#8221; url_new_window=&#8221;on&#8221; button_text=&#8221;Consulta la carta de orientaci\u00f3n&#8221; button_alignment=&#8221;center&#8221; _builder_version=&#8221;4.9.7&#8243; custom_button=&#8221;on&#8221; button_text_size=&#8221;15px&#8221; button_bg_color=&#8221;#E09900&#8243; button_border_width=&#8221;0px&#8221; button_border_radius=&#8221;6px&#8221; button_letter_spacing=&#8221;1px&#8221; button_font=&#8221;Lato|700||on|||||&#8221; button_use_icon=&#8221;off&#8221; background_layout=&#8221;dark&#8221; custom_margin=&#8221;|||&#8221; custom_padding=&#8221;12px|30px|12px|30px&#8221; box_shadow_style=&#8221;preset3&#8243; box_shadow_color=&#8221;rgba(60,57,230,0.15)&#8221; button_letter_spacing_hover=&#8221;1px&#8221; locked=&#8221;off&#8221; button_text_size__hover_enabled=&#8221;off&#8221; button_one_text_size__hover_enabled=&#8221;off&#8221; button_two_text_size__hover_enabled=&#8221;off&#8221; button_text_color__hover_enabled=&#8221;off&#8221; button_one_text_color__hover_enabled=&#8221;off&#8221; button_two_text_color__hover_enabled=&#8221;off&#8221; button_border_width__hover_enabled=&#8221;off&#8221; button_one_border_width__hover_enabled=&#8221;off&#8221; button_two_border_width__hover_enabled=&#8221;off&#8221; button_border_color__hover_enabled=&#8221;off&#8221; button_one_border_color__hover_enabled=&#8221;off&#8221; button_two_border_color__hover_enabled=&#8221;off&#8221; button_border_radius__hover_enabled=&#8221;off&#8221; button_one_border_radius__hover_enabled=&#8221;off&#8221; button_two_border_radius__hover_enabled=&#8221;off&#8221; button_letter_spacing__hover_enabled=&#8221;on&#8221; button_letter_spacing__hover=&#8221;1px&#8221; button_one_letter_spacing__hover_enabled=&#8221;off&#8221; button_two_letter_spacing__hover_enabled=&#8221;off&#8221; button_bg_color__hover_enabled=&#8221;off&#8221; button_one_bg_color__hover_enabled=&#8221;off&#8221; button_two_bg_color__hover_enabled=&#8221;off&#8221;][\/et_pb_button][\/et_pb_column][\/et_pb_row][\/et_pb_section][et_pb_section fb_built=&#8221;1&#8243; _builder_version=&#8221;4.9.7&#8243; _module_preset=&#8221;default&#8221; background_color=&#8221;rgba(232,179,81,0.71)&#8221; use_background_color_gradient=&#8221;on&#8221; background_color_gradient_start=&#8221;#91016f&#8221; background_color_gradient_end=&#8221;#c47629&#8243; background_color_gradient_type=&#8221;radial&#8221; min_height=&#8221;358.1px&#8221; custom_padding=&#8221;15px||0px|||&#8221; global_colors_info=&#8221;{%22gcid-895a277b-7d16-4175-b71c-03941378d685%22:%91%93}&#8221;][et_pb_row _builder_version=&#8221;4.9.7&#8243; min_height=&#8221;384px&#8221; custom_margin=&#8221;|||&#8221; custom_padding=&#8221;||0px|||&#8221; filter_saturate=&#8221;131%&#8221; filter_brightness=&#8221;108%&#8221;][et_pb_column type=&#8221;4_4&#8243; _builder_version=&#8221;3.25&#8243; custom_padding=&#8221;|||&#8221; custom_padding__hover=&#8221;|||&#8221;][et_pb_text _builder_version=&#8221;4.9.7&#8243; text_font=&#8221;Lato||||||||&#8221; text_text_color=&#8221;#898f99&#8243; text_font_size=&#8221;18px&#8221; text_line_height=&#8221;1.8em&#8221; header_font=&#8221;||||||||&#8221; header_2_font=&#8221;Lato|700|||||||&#8221; header_2_font_size=&#8221;42px&#8221; header_2_line_height=&#8221;1.5em&#8221; text_orientation=&#8221;center&#8221; max_width=&#8221;800px&#8221; module_alignment=&#8221;center&#8221; locked=&#8221;off&#8221;]<\/p>\n<h2><span style=\"color: #ffffff;\">TEXTO DE FORMACI\u00d3N<\/span><\/h2>\n<p><span style=\"font-size: x-large; color: #ffffff;\"><em>Servir como expresi\u00f3n de amor: con todo el coraz\u00f3n, con toda la mente y con toda la fuerza de la voluntad.<\/em><\/span><\/p>\n<p><span style=\"font-size: x-large; color: #ffffff;\">La reflexi\u00f3n escrita por el Hermano Paulo Dullius nos invita a reflexionar los cinco valores lasallistas: fe, fraternidad, servicio, justicia y compromiso.<\/span>[\/et_pb_text][et_pb_button button_url=&#8221;https:\/\/drive.google.com\/file\/d\/1VAF3j5lwGjnncbm6ssY33x0L5lEsr_IG\/view?usp=sharing&#8221; url_new_window=&#8221;on&#8221; button_text=&#8221;Lea el texto&#8221; button_alignment=&#8221;center&#8221; _builder_version=&#8221;4.9.7&#8243; custom_button=&#8221;on&#8221; button_text_size=&#8221;15px&#8221; button_text_color=&#8221;#FFFFFF&#8221; button_bg_color=&#8221;#007FE0&#8243; button_border_width=&#8221;0px&#8221; button_border_radius=&#8221;6px&#8221; button_letter_spacing=&#8221;1px&#8221; button_font=&#8221;Lato|700||on|||||&#8221; button_use_icon=&#8221;off&#8221; background_layout=&#8221;dark&#8221; custom_margin=&#8221;|||&#8221; custom_padding=&#8221;12px|30px|12px|30px&#8221; box_shadow_style=&#8221;preset3&#8243; box_shadow_color=&#8221;rgba(60,57,230,0.15)&#8221; button_letter_spacing_hover=&#8221;1px&#8221; locked=&#8221;off&#8221; button_text_size__hover_enabled=&#8221;off&#8221; button_one_text_size__hover_enabled=&#8221;off&#8221; button_two_text_size__hover_enabled=&#8221;off&#8221; button_text_color__hover_enabled=&#8221;off&#8221; button_one_text_color__hover_enabled=&#8221;off&#8221; button_two_text_color__hover_enabled=&#8221;off&#8221; button_border_width__hover_enabled=&#8221;off&#8221; button_one_border_width__hover_enabled=&#8221;off&#8221; button_two_border_width__hover_enabled=&#8221;off&#8221; button_border_color__hover_enabled=&#8221;off&#8221; button_one_border_color__hover_enabled=&#8221;off&#8221; button_two_border_color__hover_enabled=&#8221;off&#8221; button_border_radius__hover_enabled=&#8221;off&#8221; button_one_border_radius__hover_enabled=&#8221;off&#8221; button_two_border_radius__hover_enabled=&#8221;off&#8221; button_letter_spacing__hover_enabled=&#8221;on&#8221; button_letter_spacing__hover=&#8221;1px&#8221; button_one_letter_spacing__hover_enabled=&#8221;off&#8221; button_two_letter_spacing__hover_enabled=&#8221;off&#8221; button_bg_color__hover_enabled=&#8221;off&#8221; button_one_bg_color__hover_enabled=&#8221;off&#8221; button_two_bg_color__hover_enabled=&#8221;off&#8221;][\/et_pb_button][\/et_pb_column][\/et_pb_row][\/et_pb_section][et_pb_section fb_built=&#8221;1&#8243; admin_label=&#8221;Featured Places&#8221; _builder_version=&#8221;4.9.7&#8243; use_background_color_gradient=&#8221;on&#8221; background_color_gradient_start=&#8221;rgba(64,119,183,0.65)&#8221; background_color_gradient_end=&#8221;#27549e&#8221; background_color_gradient_type=&#8221;radial&#8221; width=&#8221;100%&#8221; min_height=&#8221;1151.8px&#8221; custom_margin=&#8221;-22px||-151px||false|false&#8221; custom_padding=&#8221;62px|0px|0px|0px|false|false&#8221; filter_saturate=&#8221;165%&#8221;][et_pb_row _builder_version=&#8221;3.25&#8243; min_height=&#8221;298px&#8221; custom_margin=&#8221;-57px|auto|50px|auto||&#8221; custom_padding=&#8221;||7px|||&#8221;][et_pb_column type=&#8221;4_4&#8243; _builder_version=&#8221;3.25&#8243; custom_padding=&#8221;|||&#8221; custom_padding__hover=&#8221;|||&#8221;][et_pb_text _builder_version=&#8221;4.9.7&#8243; text_font=&#8221;Lato||||||||&#8221; text_text_color=&#8221;#898f99&#8243; text_font_size=&#8221;18px&#8221; text_line_height=&#8221;1.8em&#8221; header_font=&#8221;||||||||&#8221; header_2_font=&#8221;Lato|700|||||||&#8221; header_2_font_size=&#8221;42px&#8221; header_2_line_height=&#8221;1.5em&#8221; header_3_font=&#8221;||||||||&#8221; text_orientation=&#8221;center&#8221; max_width=&#8221;817px&#8221; module_alignment=&#8221;center&#8221; custom_margin=&#8221;|124px||||&#8221;]<\/p>\n<h2 style=\"text-align: center;\"><span style=\"color: #ffffff;\">REFLEXIONES DIARIAS<\/span><\/h2>\n<p><span style=\"color: #ffffff;\">Para cada d\u00eda de la semana, se han elaborado reflexiones y actividades concretas que se conectan con los cinco valores que La Salle nos ense\u00f1a a trav\u00e9s de su vida, para que vivamos de mejor modo su carisma:<br \/><\/span><strong><span style=\"color: #ffffff;\">fe, fraternidad, servicio, justicia y compromiso.<br \/><\/span><\/strong><span style=\"color: #ffffff;\">A continuaci\u00f3n, puedes consultar las reflexiones y acciones propuestas para trabajar con<strong> Ni\u00f1os, Ni\u00f1as, Adolescentes y Colaboradores <\/strong>de tu Comunidad Educativa durante la Semana de La Salle.<\/span><\/p>\n<p>[\/et_pb_text][\/et_pb_column][\/et_pb_row][et_pb_row column_structure=&#8221;1_3,1_3,1_3&#8243; _builder_version=&#8221;4.9.7&#8243; _module_preset=&#8221;default&#8221; min_height=&#8221;336.2px&#8221; custom_margin=&#8221;-41px|auto||auto||&#8221; custom_padding=&#8221;13px|||||&#8221;][et_pb_column type=&#8221;1_3&#8243; _builder_version=&#8221;4.9.7&#8243; _module_preset=&#8221;default&#8221;][et_pb_image src=&#8221;https:\/\/pastoral.lasalle.edu.br\/wp-content\/uploads\/2023\/04\/CAPA-ATIVIDADES-PROPOSTAS_Semana-de-La-Salle_FE.png&#8221; title_text=&#8221;CAPA ATIVIDADES PROPOSTAS_Semana de La Salle_F\u00c9&#8221; _builder_version=&#8221;4.9.7&#8243; _module_preset=&#8221;default&#8221; min_height=&#8221;135.2px&#8221; custom_padding=&#8221;||0px|||&#8221;][\/et_pb_image][et_pb_button button_url=&#8221;https:\/\/pastoral.lasalle.edu.br\/index.php\/semana-de-la-salle-dia-1-2\/&#8221; button_text=&#8221;ACCEDE AQU\u00cd&#8221; _builder_version=&#8221;4.9.7&#8243; _module_preset=&#8221;9ed3df9c-8724-4e15-88d4-75c4010bdb81&#8243; saved_tabs=&#8221;all&#8221;][\/et_pb_button][\/et_pb_column][et_pb_column type=&#8221;1_3&#8243; _builder_version=&#8221;4.9.7&#8243; _module_preset=&#8221;default&#8221;][et_pb_image src=&#8221;https:\/\/pastoral.lasalle.edu.br\/wp-content\/uploads\/2023\/04\/CAPA-ATIVIDADES-PROPOSTAS_Semana-de-La-Salle_FRATERNIDADE.png&#8221; title_text=&#8221;CAPA ATIVIDADES PROPOSTAS_Semana de La Salle_FRATERNIDADE&#8221; _builder_version=&#8221;4.9.7&#8243; _module_preset=&#8221;default&#8221;][\/et_pb_image][et_pb_button button_url=&#8221;https:\/\/pastoral.lasalle.edu.br\/index.php\/semana-de-la-salle-2o-dia-esp\/&#8221; button_text=&#8221;ACCEDE AQU\u00cd&#8221; _builder_version=&#8221;4.9.7&#8243; _module_preset=&#8221;9ed3df9c-8724-4e15-88d4-75c4010bdb81&#8243; saved_tabs=&#8221;all&#8221;][\/et_pb_button][\/et_pb_column][et_pb_column type=&#8221;1_3&#8243; _builder_version=&#8221;4.9.7&#8243; _module_preset=&#8221;default&#8221;][et_pb_image src=&#8221;https:\/\/pastoral.lasalle.edu.br\/wp-content\/uploads\/2023\/04\/CAPA-ATIVIDADES-PROPOSTAS_Semana-de-La-Salle_SERVICO.png&#8221; title_text=&#8221;CAPA ATIVIDADES PROPOSTAS_Semana de La Salle_SERVI\u00c7O&#8221; _builder_version=&#8221;4.9.7&#8243; _module_preset=&#8221;default&#8221;][\/et_pb_image][et_pb_button button_url=&#8221;https:\/\/pastoral.lasalle.edu.br\/index.php\/semana-de-la-salle-3o-dia-esp\/&#8221; button_text=&#8221;ACCEDE AQU\u00cd&#8221; _builder_version=&#8221;4.9.7&#8243; _module_preset=&#8221;9ed3df9c-8724-4e15-88d4-75c4010bdb81&#8243; saved_tabs=&#8221;all&#8221;][\/et_pb_button][\/et_pb_column][\/et_pb_row][et_pb_row column_structure=&#8221;1_3,1_3,1_3&#8243; _builder_version=&#8221;4.9.7&#8243; _module_preset=&#8221;default&#8221;][et_pb_column type=&#8221;1_3&#8243; _builder_version=&#8221;4.9.7&#8243; _module_preset=&#8221;default&#8221;][et_pb_image src=&#8221;https:\/\/pastoral.lasalle.edu.br\/wp-content\/uploads\/2023\/04\/CAPA-ATIVIDADES-PROPOSTAS_Semana-de-La-Salle_JUSTICA.png&#8221; title_text=&#8221;CAPA ATIVIDADES PROPOSTAS_Semana de La Salle_JUSTI\u00c7A&#8221; _builder_version=&#8221;4.9.7&#8243; _module_preset=&#8221;default&#8221; min_height=&#8221;206.2px&#8221;][\/et_pb_image][et_pb_button button_url=&#8221;https:\/\/pastoral.lasalle.edu.br\/index.php\/semana-de-la-salle-4o-dia-esp\/&#8221; button_text=&#8221;ACCEDE AQU\u00cd&#8221; _builder_version=&#8221;4.9.7&#8243; _module_preset=&#8221;9ed3df9c-8724-4e15-88d4-75c4010bdb81&#8243; saved_tabs=&#8221;all&#8221;][\/et_pb_button][\/et_pb_column][et_pb_column type=&#8221;1_3&#8243; _builder_version=&#8221;4.9.7&#8243; _module_preset=&#8221;default&#8221;][et_pb_image src=&#8221;https:\/\/pastoral.lasalle.edu.br\/wp-content\/uploads\/2023\/04\/CAPA-ATIVIDADES-PROPOSTAS_Semana-de-La-Salle_COMPROMISSO.png&#8221; title_text=&#8221;CAPA ATIVIDADES PROPOSTAS_Semana de La Salle_COMPROMISSO&#8221; _builder_version=&#8221;4.9.7&#8243; _module_preset=&#8221;default&#8221;][\/et_pb_image][et_pb_button button_url=&#8221;https:\/\/pastoral.lasalle.edu.br\/index.php\/semana-de-la-salle-5o-dia-esp\/&#8221; button_text=&#8221;ACCEDE AQU\u00cd&#8221; _builder_version=&#8221;4.9.7&#8243; _module_preset=&#8221;9ed3df9c-8724-4e15-88d4-75c4010bdb81&#8243; custom_margin=&#8221;|0px||||&#8221; saved_tabs=&#8221;all&#8221;][\/et_pb_button][\/et_pb_column][et_pb_column type=&#8221;1_3&#8243; _builder_version=&#8221;4.9.7&#8243; _module_preset=&#8221;default&#8221;][et_pb_image src=&#8221;https:\/\/pastoral.lasalle.edu.br\/wp-content\/uploads\/2023\/04\/image_2023_04_20T18_46_10_104Z.png&#8221; title_text=&#8221;image_2023_04_20T18_46_10_104Z&#8221; align=&#8221;center&#8221; _builder_version=&#8221;4.9.7&#8243; _module_preset=&#8221;default&#8221; width=&#8221;95.6%&#8221; min_height=&#8221;184.8px&#8221; custom_margin=&#8221;||73px|||&#8221; custom_padding=&#8221;0px|49px|6px|43px||&#8221; border_radii=&#8221;off|3px|3px|3px|3px&#8221; border_width_all=&#8221;1px&#8221; border_color_all=&#8221;#FFFFFF&#8221;][\/et_pb_image][et_pb_button button_url=&#8221;https:\/\/drive.google.com\/drive\/folders\/1Y5iV7msf4OqZbmGx-rTUiI9ZgdPq7pcJ?usp=sharing&#8221; url_new_window=&#8221;on&#8221; button_text=&#8221;ACCEDE AQU\u00cd&#8221; _builder_version=&#8221;4.9.7&#8243; _module_preset=&#8221;9ed3df9c-8724-4e15-88d4-75c4010bdb81&#8243; transform_translate=&#8221;12px|-46px&#8221; saved_tabs=&#8221;all&#8221;][\/et_pb_button][\/et_pb_column][\/et_pb_row][\/et_pb_section][et_pb_section fb_built=&#8221;1&#8243; admin_label=&#8221;Testimonial&#8221; _builder_version=&#8221;4.9.7&#8243; background_color_gradient_direction=&#8221;1deg&#8221; background_image=&#8221;https:\/\/pastoral.lasalle.edu.br\/wp-content\/uploads\/2023\/03\/BANNER-MATERIAIS-DIVULGACAO_Semana-de-La-Salle-1.png&#8221; min_height=&#8221;303.2px&#8221; custom_margin=&#8221;-6px||-52px||false|false&#8221; custom_padding=&#8221;6%|0px|1.6%|0px|false|false&#8221;][et_pb_row _builder_version=&#8221;3.25&#8243; min_height=&#8221;280.4px&#8221; custom_margin=&#8221;-94px|auto|18px|176px||&#8221; custom_padding=&#8221;48px|||||&#8221;][et_pb_column type=&#8221;4_4&#8243; _builder_version=&#8221;3.25&#8243; custom_padding=&#8221;|||&#8221; custom_padding__hover=&#8221;|||&#8221;][et_pb_cta title=&#8221;MATERIALES&#8221; button_url=&#8221;https:\/\/drive.google.com\/drive\/folders\/1zAz5xUoDtaJfoIV2Sv8-xal2DXwxl66N?usp=sharing&#8221; url_new_window=&#8221;on&#8221; button_text=&#8221;clic y verifique&#8221; _builder_version=&#8221;4.9.7&#8243; header_font=&#8221;Lato|900||on|||||&#8221; header_text_align=&#8221;center&#8221; header_font_size=&#8221;48px&#8221; header_letter_spacing=&#8221;2px&#8221; header_line_height=&#8221;1.2em&#8221; body_font=&#8221;Lato||||||||&#8221; body_font_size=&#8221;20px&#8221; body_line_height=&#8221;1.8em&#8221; use_background_color=&#8221;off&#8221; custom_button=&#8221;on&#8221; button_text_size=&#8221;16px&#8221; button_text_color=&#8221;#ffffff&#8221; button_bg_color=&#8221;#fa7f28&#8243; button_border_width=&#8221;6px&#8221; button_border_color=&#8221;#fa7f28&#8243; button_border_radius=&#8221;5px&#8221; button_letter_spacing=&#8221;2px&#8221; button_font=&#8221;Lato|900||on|||||&#8221; max_width=&#8221;750px&#8221; module_alignment=&#8221;center&#8221; min_height=&#8221;281.4px&#8221; custom_margin=&#8221;||24px|||&#8221; link_option_url=&#8221;https:\/\/drive.google.com\/drive\/folders\/15Du_rrnSpaT66wpyBcLlDB7AVVLfItT4&#8243; header_font_size_tablet=&#8221;40px&#8221; header_font_size_phone=&#8221;&#8221; header_font_size_last_edited=&#8221;on|tablet&#8221; header_text_shadow_style=&#8221;preset1&#8243; header_text_shadow_blur_strength=&#8221;0.6em&#8221; header_text_shadow_color=&#8221;rgba(0,0,0,0.24)&#8221; box_shadow_style_button=&#8221;preset3&#8243; box_shadow_blur_button=&#8221;30px&#8221; box_shadow_spread_button=&#8221;8px&#8221; box_shadow_color_button=&#8221;rgba(250,127,40,0.15)&#8221; button_letter_spacing_hover=&#8221;2px&#8221; button_text_size__hover_enabled=&#8221;off&#8221; button_one_text_size__hover_enabled=&#8221;off&#8221; button_two_text_size__hover_enabled=&#8221;off&#8221; button_text_color__hover_enabled=&#8221;off&#8221; button_one_text_color__hover_enabled=&#8221;off&#8221; button_two_text_color__hover_enabled=&#8221;off&#8221; button_border_width__hover_enabled=&#8221;off&#8221; button_one_border_width__hover_enabled=&#8221;off&#8221; button_two_border_width__hover_enabled=&#8221;off&#8221; button_border_color__hover_enabled=&#8221;off&#8221; button_one_border_color__hover_enabled=&#8221;off&#8221; button_two_border_color__hover_enabled=&#8221;off&#8221; button_border_radius__hover_enabled=&#8221;off&#8221; button_one_border_radius__hover_enabled=&#8221;off&#8221; button_two_border_radius__hover_enabled=&#8221;off&#8221; button_letter_spacing__hover_enabled=&#8221;on&#8221; button_letter_spacing__hover=&#8221;2px&#8221; button_one_letter_spacing__hover_enabled=&#8221;off&#8221; button_two_letter_spacing__hover_enabled=&#8221;off&#8221; button_bg_color__hover_enabled=&#8221;off&#8221; button_one_bg_color__hover_enabled=&#8221;off&#8221; button_two_bg_color__hover_enabled=&#8221;off&#8221;]<\/p>\n<p dir=\"ltr\" class=\"CDt4Ke zfr3Q\" style=\"text-align: left;\">Se han creado una serie de materiales para ayudar a promover la Semana de La Salle en tu Comunidad Educativa:<\/p>\n<ul>\n<li style=\"list-style-type: none;\">\n<ul>\n<li style=\"list-style-type: none;\">\n<ul>\n<li dir=\"ltr\" class=\"CDt4Ke zfr3Q\" style=\"text-align: left;\">Piezas para redes sociales (disponibles a partir del 05\/08)<\/li>\n<li dir=\"ltr\" class=\"CDt4Ke zfr3Q\" style=\"text-align: left;\">Camiseta<\/li>\n<li dir=\"ltr\" class=\"CDt4Ke zfr3Q\" style=\"text-align: left;\">Bot\u00f3n<\/li>\n<li dir=\"ltr\" class=\"CDt4Ke zfr3Q\" style=\"text-align: left;\">P\u00f3sters<\/li>\n<li dir=\"ltr\" class=\"CDt4Ke zfr3Q\" style=\"text-align: left;\">Plantilla PPT<\/li>\n<li dir=\"ltr\" class=\"CDt4Ke zfr3Q\" style=\"text-align: left;\">Materiales adicionales<\/li>\n<\/ul>\n<\/li>\n<\/ul>\n<\/li>\n<\/ul>\n<p>[\/et_pb_cta][\/et_pb_column][\/et_pb_row][\/et_pb_section][et_pb_section fb_built=&#8221;1&#8243; _builder_version=&#8221;4.9.7&#8243; _module_preset=&#8221;default&#8221; background_image=&#8221;https:\/\/pastoral.lasalle.edu.br\/wp-content\/uploads\/2023\/04\/RODAPE_Semana-de-La-Salle-1.png&#8221; background_position=&#8221;bottom_right&#8221; min_height=&#8221;162px&#8221;][\/et_pb_section]<\/p>\n","protected":false},"excerpt":{"rendered":"<p>Bienvenidos a la Semana de La Salle 2023!\u00a1Estimado Lasallista! La Semana de La Salle 2023 se acercaEntre los d\u00edas 15 y 19 de mayo, estamos invitados a reflexionar sobre los valores ende\u00f1ados por san Juan Bautista de La Salle, y que hoy se nos llama a seguir y mantenerlos vivos.Alineado al ADN, tema de la [&hellip;]<\/p>\n","protected":false},"author":1,"featured_media":0,"parent":0,"menu_order":0,"comment_status":"closed","ping_status":"closed","template":"","meta":{"_et_pb_use_builder":"on","_et_pb_old_content":"","_et_gb_content_width":"","footnotes":""},"class_list":["post-1334","page","type-page","status-publish","hentry"],"_links":{"self":[{"href":"https:\/\/pastoral.lasalle.edu.br\/index.php\/wp-json\/wp\/v2\/pages\/1334","targetHints":{"allow":["GET"]}}],"collection":[{"href":"https:\/\/pastoral.lasalle.edu.br\/index.php\/wp-json\/wp\/v2\/pages"}],"about":[{"href":"https:\/\/pastoral.lasalle.edu.br\/index.php\/wp-json\/wp\/v2\/types\/page"}],"author":[{"embeddable":true,"href":"https:\/\/pastoral.lasalle.edu.br\/index.php\/wp-json\/wp\/v2\/users\/1"}],"replies":[{"embeddable":true,"href":"https:\/\/pastoral.lasalle.edu.br\/index.php\/wp-json\/wp\/v2\/comments?post=1334"}],"version-history":[{"count":47,"href":"https:\/\/pastoral.lasalle.edu.br\/index.php\/wp-json\/wp\/v2\/pages\/1334\/revisions"}],"predecessor-version":[{"id":1514,"href":"https:\/\/pastoral.lasalle.edu.br\/index.php\/wp-json\/wp\/v2\/pages\/1334\/revisions\/1514"}],"wp:attachment":[{"href":"https:\/\/pastoral.lasalle.edu.br\/index.php\/wp-json\/wp\/v2\/media?parent=1334"}],"curies":[{"name":"wp","href":"https:\/\/api.w.org\/{rel}","templated":true}]}}